315780.
2, 3, 5, 1327, 3169
List the prime factors of 770803255.
5, 23, 291419
List the prime factors of 356054895.
3, 5, 7, 29, 38977
What are the prime factors of 164335004?
2, 41083751
List the prime factors of 4884384.
2, 3, 83, 613
List the prime factors of 872774990.
2, 5, 109, 800711
What are the prime factors of 323519713?
11, 29410883
What are the prime factors of 4070402278?
2, 2035201139
What are the prime factors of 29267778?
2, 3, 17, 43, 6673
What are the prime factors of 94868042?
2, 661, 71761
List the prime factors of 22706898.
2, 3, 107, 113, 313
What are the prime factors of 72582780?
2, 3, 5, 31, 39023
What are the prime factors of 148648378?
2, 271, 274259
What are the prime factors of 432552322?
2, 216276161
What are the prime factors of 127066265?
5, 25413253
What are the prime factors of 420700011?
3, 137, 1023601
List the prime factors of 23335265.
5, 47, 109, 911
List the prime factors of 99187460.
2, 5, 331, 14983
List the prime factors of 73273075.
5, 43, 68161
List the prime factors of 659046933.
3, 59, 547, 2269
What are the prime factors of 151169541?
3, 229, 293, 751
List the prime factors of 1280686239.
3, 7, 20328353
What are the prime factors of 121629727?
23, 5288249
What are the prime factors of 1074116153?
11, 79, 313, 359
List the prime factors of 94334654.
2, 283, 166669
List the prime factors of 164033475.
3, 5, 2187113
What are the prime factors of 285518110?
2, 5, 59, 483929
List the prime factors of 14507598.
2, 3, 7, 29, 43, 277
What are the prime factors of 1539532474?
2, 769766237
List the prime factors of 2621418402.
2, 3, 29, 37, 407179
What are the prime factors of 1242961946?
2, 621480973
List the prime factors of 54329595.
3, 5, 3621973
What are the prime factors of 49606745?
5, 23, 431363
What are the prime factors of 601306294?
2, 3643, 82529
What are the prime factors of 445900471?
23, 19386977
What are the prime factors of 62681696?
2, 7, 11, 25439
List the prime factors of 1199716270.
2, 5, 119971627
What are the prime factors of 808547786?
2, 127, 3183259
List the prime factors of 881964604.
2, 220491151
What are the prime factors of 141534989?
5843, 24223
List the prime factors of 13468939.
11, 761, 1609
List the prime factors of 1842420861.
3, 19, 31, 347561
What are the prime factors of 889477119?
3, 281, 39079
List the prime factors of 427579549.
59, 241, 30071
List the prime factors of 128754070.
2, 5, 19, 109, 6217
List the prime factors of 1063047234.
2, 3, 83, 2134633
List the prime factors of 807272923.
807272923
What are the prime factors of 3114844126?
2, 1557422063
List the prime factors of 45312504.
2, 3, 79, 23899
What are the prime factors of 22501419?
3, 29, 258637
List the prime factors of 1549592640.
2, 3, 5, 179351
What are the prime factors of 131866130?
2, 5, 11, 23, 52121
List the prime factors of 79784304.
2, 3, 419, 3967
What are the prime factors of 211660028?
2, 52915007
What are the prime factors of 45152516?
2, 727, 15527
What are the prime factors of 250140594?
2, 3, 11, 23, 367, 449
List the prime factors of 4789271321.
109, 43938269
What are the prime factors of 1560437889?
3, 37, 61, 317, 727
List the prime factors of 122776955.
5, 7, 19, 184627
List the prime factors of 29687975.
5, 19, 62501
What are the prime factors of 50299194?
2, 3, 11, 19, 40111
List the prime factors of 5106136.
2, 7, 19, 4799
What are the prime factors of 116237726?
2, 11, 1889, 2797
List the prime factors of 3799303829.
23, 43, 3841561
What are the prime factors of 92609161?
92609161
What are the prime factors of 368826609?
3, 43, 2859121
What are the prime factors of 41313565?
5, 787, 10499
What are the prime factors of 488603469?
3, 71, 103, 22271
List the prime factors of 1123552295.
5, 224710459
List the prime factors of 143028447.
3, 19, 2509271
List the prime factors of 1152496725.
3, 5, 17, 903919
What are the prime factors of 471700663?
7, 6529, 10321
List the prime factors of 2698919420.
2, 5, 134945971
What are the prime factors of 88727814?
2, 3, 7, 704189
What are the prime factors of 30328428?
2, 3, 13, 194413
What are the prime factors of 282768279?
3, 19, 23, 215689
What are the prime factors of 467964809?
13, 31, 1161203
List the prime factors of 307195568.
2, 3637, 5279
What are the prime factors of 59371106?
2, 17, 1746209
What are the prime factors of 242966191?
13, 1009, 18523
What are the prime factors of 491609548?
2, 122902387
List the prime factors of 2083229.
2083229
What are the prime factors of 11675332?
2, 1187, 2459
List the prime factors of 65034286.
2, 53, 359, 1709
What are the prime factors of 5308830?
2, 3, 5, 61, 967
What are the prime factors of 112996064?
2, 29, 121763
What are the prime factors of 68520703?
23, 97, 30713
List the prime factors of 90906574.
2, 11, 375647
List the prime factors of 96788711.
96788711
What are the prime factors of 489959203?
489959203
List the prime factors of 2803397300.
2, 5, 11, 2548543
List the prime factors of 1490953546.
2, 67, 11126519
What are the prime factors of 4883221056?
2, 3, 7, 3633349
What are the prime factors of 74625270?
2, 3, 5, 67, 137, 271
List the prime factors of 14151457.
929, 15233
What are the prime factors of 2864648024?
2, 7, 41, 991, 1259
List the prime factors of 443989837.
443989837
What are the prime factors of 233912518?
2, 7, 43, 283, 1373
What are the prime factors of 47080328?
2, 19, 73, 4243
List the prime factors of 721120942.
2, 360560471
What are the prime factors of 35890497?
3, 3987833
What are the prime factors of 77785236?
2, 3, 883, 2447
List the prime factors of 2047580530.
2, 5, 204758053
List the prime factors of 1787852756.
2, 2593, 172373
What are the prime factors of 113629844?
2, 23, 227, 5441
What are the prime factors of 92390530?
2, 5, 9239053
List the prime factors of 31926096.
2, 3, 263, 281
What are the prime factors of 101533263?
3, 13, 29, 107, 839
What are the prime factors of 1176314886?
2, 3, 967, 2503
What are the prime factors of 58181789?
23, 2529643
What are the prime factors of 156419481?
3, 23, 98563
List the prime factors of 46149320.
2, 5, 7, 43, 3833
What are the prime factors of 52757835?
3, 5, 13, 270553
What are the prime factors of 212930463?
3, 503, 141107
What are the prime factors of 74369548?
2, 11, 1690217
What are the prime factors of 770634915?
3, 5, 51375661
What are the prime factors of 2394447964?
2, 409, 1463599
List the prime factors of 122565310.
2, 5, 7, 29, 173, 349
List the prime factors of 5654755212.
2, 3, 1277, 369013
List the prime factors of 16882530.
2, 3, 5, 7, 17, 4729
List the prime factors of 32957422.
2, 16478711
List the prime factors of 142017694.
2, 7, 13, 17, 197, 233
List the prime factors of 33358807.
1433, 23279
What are the prime factors of 1196826903?
3, 132980767
What are the prime factors of 4534347438?
2, 3, 149, 62617
List the prime factors of 147884113.
13, 347, 32783
What are the prime factors of 1748300016?
2, 3, 61, 383, 1559
List the prime factors of 442552389.
3, 19, 7764077
What are the prime factors of 1413714333?
3, 471238111
List the prime factors of 127379705.
5, 19, 1091, 1229
List the prime factors of 68961183.
3, 2551, 9011
List the prime factors of 59569259.
31, 257, 7477
What are the prime factors of 560628244?
2, 11, 17, 223, 3361
List the prime factors of 15501390.
2, 3, 5, 516713
List the prime factors of 543619223.
7, 1399, 55511
What are the prime factors of 174625984?
2, 13, 209887
List the prime factors of 32689068.
2, 3, 59, 46171
List the prime factors of 605030433.
3, 7, 19, 23, 65929
What are the prime factors of 67505993?
19, 3552947
What are the prime factors of 1115025362?
2, 11, 227, 223273
List the prime factors of 171042712.
2, 17, 19, 37, 1789
What are the prime factors of 3626596?
2, 906649
What are the prime factors of 61305473?
73, 839801
List the prime factors of 207997707.
3, 2591, 26759
List the prime factors of 539420595.
3, 5, 7, 37, 43, 3229
What are the prime factors of 227056221?
3, 7, 3604067
What are the prime factors of 3064046755?
5, 7, 11, 7958563
List the prime factors of 69352224.
2, 3, 29, 859
List the prime factors of 386916344.
2, 41, 311, 3793
List the prime factors of 150236346.
2, 3, 13, 47, 107, 383
What are the prime factors of 29005